Give b(7).
3
Let r(s) = 4*s - 7. Let w(k) = -5*k + 9. Let x(c) = 6*r(c) + 5*w(c). Give x(2).
1
Let w(c) be the second derivative of -c**5/20 + c**4/3 + c**3/3 - c**2/2 + c - 73. What is w(4)?
7
Let o(n) = 5*n**2 - 13*n - 4. Let s(b) = -4*b**2 + 12*b + 3. Let a(q) = 5*o(q) + 6*s(q). Let h = -2220 - -2213. Determine a(h).
-2
Let p(a) = 4*a**2 + 25*a + 3. Suppose 0 = 39*t - 44*t + 5*h - 5, 5*t = -3*h - 45. Determine p(t).
-3
Let b(s) = -s**3 - 4*s**2 + 8*s - 5. Let n be b(-6). Let u = n + -7. Let k be -6*(-3 - (-44)/u). Let w(g) = g**2 + 6*g + 6. Determine w(k).
-2
Let j(z) be the second derivative of -2*z**3/3 - z**2/2 - 3*z + 45. What is j(1)?
-5
Let g(p) = -p**2 - 2*p - 1. Let i(s) = -s**3 + 6*s**2 - 1. Let v(h) = -g(h) - i(h). Give v(4).
-6
Let o be ((-8)/3)/((-18)/27). Suppose -v = -3*q - 8, -3*q + o*v - 24 + 1 = 0. Let a(h) be the first derivative of 7*h**2/2 + h - 11. Determine a(q).
-6
Let h(p) = p**2 - 2*p - 4. Let m(o) = 2*o + 14. Let b be m(12). Suppose 0 = 3*y - b - 13. Suppose 8 = -3*t + y. Give h(t).
-1
Let z be 7/(-35)*15/2*2. Let o(i) = 4*i + 1. Determine o(z).
-11
Let m(s) = -s**2 + 7*s + 5. Let h(n) = 2*n**2 + 21*n + 18. Let z be h(-10). Give m(z).
-3
Let o = -442 - -433. Let a(z) = -z - 9. Calculate a(o).
0
Let y(q) = 5*q**2 - 6*q - 7. Let f be -2 + -4 + 2 - (-2 + 5). Let v(z) = -9*z**2 + 11*z + 13. Let r(n) = f*y(n) - 4*v(n). Calculate r(-3).
12
Let h(j) = 257*j**2 - 262*j**2 + 3 + 1 - 2*j + j**3 - j. Calculate h(3).
-23
Let u(g) = g**3 + g**2. Let t be u(0). Suppose 15 = -l + 6*l. Let x(i) = t*i - 1 + l*i + 3*i - 5*i. What is x(3)?
2
Let b(w) = -w**3 - 4*w**2 - 3*w. Let k = -5 + 14. Suppose 4 - 22 = k*j. Calculate b(j).
-2
Let r be (2 - 2) + (-3)/(-3). Let t(l) = -5*l**3 - l**2 + l - 1. Calculate t(r).
-6
Let x(y) = y**3 + 4*y**2 - 7. Suppose 0 = 36*s - 6*s + 150. Calculate x(s).
-32
Let g(s) = s - 1 + 5 + 2*s + s. Let z(m) = -11*m - 11. Let v(x) = -8*g(x) - 3*z(x). Determine v(-7).
-6
Let h(g) = 3 - 4*g**2 - 2*g - g + 2*g**2. Suppose -2 = -w + 1. Suppose 3*d = 4*d + w. Determine h(d).
-6
Let i(p) = 7*p**2 + 12*p + 1. Let w(y) = -6*y**2 - 12*y - 2. Let c(d) = -5*i(d) - 6*w(d). Give c(-11).
-4
Let u(r) = 6*r + 2. Let p(d) = 24*d + 8. Let c(h) = -4*p(h) + 15*u(h). Determine c(4).
-26
Let x(m) = -m**2 - m - 2*m + 0*m + 2. Suppose -8*t + 2*a - 2 = -9*t, 3*t - 4*a = -14. Give x(t).
4
Let p be 0 - (-5 + (3 - 2)). Let v(f) = 3*f**2 + 2*f - 10. Let d(u) = 2*u**2 + 3*u - 9. Let r(n) = -4*d(n) + 3*v(n). Determine r(p).
-2
Let s = -37 + 26. Let g = -10 - s. Let b be 16/(-4) - (-2 + g). Let v(l) = -4*l - 2. What is v(b)?
10
Suppose 0 = -0*i - i - 4*d - 3, 4*i - 16 = -2*d. Suppose h + i*o - 3 = 0, 3*h + 0*o - o = -23. Let q(s) = s + 3. Calculate q(h).
-4
Let w(q) = -16 - 3*q - 5*q**2 + 8 + 14*q**2 + 1. Let y(h) = 5*h**2 - 2*h - 4. Let g(v) = 3*w(v) - 5*y(v). Determine g(1).
2
Let z(d) = d**3 - 12*d**2 - 13*d + 2. Suppose 19*v - 222 = 25. Determine z(v).
2
Let h(d) = d**3 - 6*d**2 - 6*d. Suppose -6*l = -7*l - 152. Let j = l - -159. Calculate h(j).
7
Let f(z) = 16 + z**2 - 3*z - 7*z - 2*z**2 + 2*z. Determine f(-10).
-4
Let u = -437 + 443. Let d(c) = 2*c**2 - 14*c + 7. Determine d(u).
-5
Let x(y) = -y**3 - y + 3. Let f = 28 + -25. What is x(f)?
-27
Suppose 224 = 25*d + 31*d. Let h(y) = -2*y**3 + 6*y**2 - 4*y + 6. Give h(d).
-42
Let d(a) = a + 10. Let y = -1014 - -1014. What is d(y)?
10
Let z(c) = c**3 + 9*c**2 + 8*c + 11. Let u be (2 - -6)*(2 - (-3 + 6)). What is z(u)?
11
Let a(c) = c + 1. Suppose 2*x - 5*x = -105. Suppose -u = 4*y + 28, -4*y - 4*u - x = y. Calculate a(y).
-6
Let m(v) be the third derivative of v**4/24 - v**3 + 2*v**2. Suppose -11*r = -16*r + 15. Suppose -r*g = 3*g. Determine m(g).
-6
Let j(i) be the second derivative of -i**3/2 - 3*i**2/2 + 39*i. Give j(-3).
6
Let c(h) = h - 8. Suppose -3*x = -p - 21 - 4, 5*x - 5*p = 25. Suppose 9*m - 7*m - x = 0. Determine c(m).
-3
Let n(y) = 4*y**2 - 8*y - 6. Let p(k) = k**2 - k - 1. Let j(d) = n(d) - 3*p(d). Let f(o) = o**3 + 2*o**2 - 3*o + 6. Let i be f(-3). Give j(i).
3
Let j(z) = 5*z**2 - 1 - 9*z + 10*z - 4*z**2. Let t = 12 - 10. Suppose -t*s + 3*c + 11 = 0, -5*s - 2*c + 17 = -6*c. Give j(s).
1
Let o be (-4)/(-10) + 88/(-20). Let c(z) = -z**2 + 4*z + 14. Let t be c(6). Let q(a) = -3*a - 4 + t - 2 - a. Determine q(o).
12
Let z(l) = -3*l**2 + 90*l + 186. Let s be z(-2). Let y(c) = -c**3 - 5*c**2 - 6*c + 4. Calculate y(s).
76
Suppose -12*b = -11*b + 3. Let o(v) = 0 + 6*v + 1 - 15*v + 8*v + 0. Calculate o(b).
4
Let v(w) be the first derivative of -w**4/4 + 8*w**3/3 - 4*w**2 + 8*w - 169. What is v(7)?
1
Let z = 78 + -81. Let d be (6 + 0 + z)/3. Let x(m) = -5*m + 1. Calculate x(d).
-4
Let h(j) be the first derivative of -1/4*j**4 + 2*j**2 + 1 - j - 2/3*j**3. Give h(-3).
-4
Suppose 0 = 4*m + 16, 1 - 9 = -4*c - m. Let n(a) = 46687 - 46687 + 5*a. Determine n(c).
15
Suppose 22 = 11*d - 0. Let b(w) be the second derivative of -w**d + 1/6*w**3 + 4*w + 0. Determine b(1).
-1
Let b(a) be the third derivative of -a**6/12 - a**5/60 + a**4/12 - a**3/6 + 92*a**2. What is b(1)?
-10
Let k = -146 + 144. Let d(l) = -5*l**2. Calculate d(k).
-20
Let k = 6 - 9. Let q be (-15)/10*(-2)/k. Let h(o) = -2*o**2 - 1. Let p(w) = w**2 + w + 2. Let l(c) = 3*h(c) + 2*p(c). Determine l(q).
-5
Let y(a) = -24*a**2 + 5*a + 2. Let m(w) = -2*w**2 + w. Let b(x) = -3*m(x) + y(x). What is b(-1)?
-18
Let a(g) = 4*g**2 - 7*g + 8. Let z be 10 - 0 - (0 + 3). Suppose -23 - z = 5*v. Let r(s) = 5*s**2 - 8*s + 9. Let h(u) = v*a(u) + 5*r(u). What is h(2)?
5
Suppose 0 = -16*v + 8*v + 40. Let x(j) = j**2 - 7*j + 4. Determine x(v).
-6
Let x(w) = 283*w + 2836. Let j be x(-10). Let l(b) be the second derivative of -b**4/12 + 7*b**3/6 + 4*b**2 - b. What is l(j)?
14
Let d = 93/166 - 5/83. Let r(y) be the second derivative of 0 + y**3 - d*y**2 - 4*y. What is r(-1)?
-7
Let d(y) = -9*y + 5*y - 2*y + 4 + 8*y. Determine d(0).
4
Let w be 5/10*(1 - -1). Let p(t) = 6*t**2 - t - 4. Let q(r) = 18*r**2 - 3*r - 11. Let f(j) = 11*p(j) - 4*q(j). Determine f(w).
-5
Suppose 8*m = 3*m. Let f(v) = v - 10 - 9 - 4 - 3 + 23. What is f(m)?
-3
Let j(i) = -i. Let h(p) = -p**2 - 6*p - 7. Let d(x) = -h(x) - j(x). Suppose 144*t + 6 = c + 140*t, -2*t = 6. Calculate d(c).
1
Let i(p) = -42*p. Suppose 4*s = -8, 0 = 3*x + 4*s + s + 7. What is i(x)?
-42
Suppose -3 = 2*r - 9. Suppose 4*t = 4*f, f + 1 = 5*t - r. Let b(w) = 2*w**3 - 2*w + 1. Give b(f).
1
Let c(o) = -o - 6. Let p be c(-11). Suppose 4*t - 3 = 3*n, n - t - p = 6*n. Let x(d) = -7*d**2 + d**2 + 3*d - 2*d. Give x(n).
-7
Let c = 26 + -24. Suppose 5*q - 14 = -c*q. Let x(g) = g**3 + 2*g - 2. Give x(q).
10
Let z(l) be the second derivative of l**6/90 - l**5/120 + l**4/4 - l. Let v(k) be the third derivative of z(k). Suppose 3*w - 2 = 1. Calculate v(w).
7
Suppose 21*h - 9*h - 72 = 0. Let c(b) = -3*b - 3. What is c(h)?
-21
Let a(h) be the third derivative of -h**4/8 + 17*h**3/6 + h**2. Let d(w) = w - 6. Suppose 6*c + 16 = -20. Let q(j) = c*a(j) - 17*d(j). Calculate q(-6).
-6
Let g(b) = -3*b**2 + b. Let n(x) = x**3 + 2*x**2 + 2*x - 2. Let t be n(-3). Let z(q) = -q**2 - 18*q - 16. Let i be z(t). What is g(i)?
-2
Let k(a) be the second derivative of a**4/12 - 11*a**3/6 + 6*a + 7. What is k(10)?
-10
Let m(y) = -5*y**2 - 26*y - 2. Let c(x) = 4*x**2 + 23*x + 2. Let l(j) = -6*c(j) - 5*m(j). Determine l(9).
7
Let d(s) = -s**3 + 4*s**2 - 3*s + 5. Let f = 37 + -34. Let a be d(f). Suppose -5 = 6*n - a*n. Let g(t) = t**2 + 7*t + 2. Give g(n).
-8
Suppose -2*p + 4*p = 0. Suppose -6*v + 51 - 45 = p. Let s(m) = -4*m**2 + 2*m - 1. Calculate s(v).
-3
Suppose 3*a + 4 = a. Let j(q) = 4*q**2 + 15*q - 3. Suppose -5 = -2*o + o, 5*m + o = 20. Let u(s) = 2*s**2 + 7*s - 1. Let t(g) = m*j(g) - 7*u(g). Determine t(a).
-2
Suppose 0 = -13*l - 8*l. Let u(o) = 5*o**2 + o + 2. Let g(r) = 4*r**2 + r + 3. Let a(q) = -4*g(q) + 3*u(q). Determine a(l).
-6
Let p be 2/(9 + 25/(-3)). Let a(t) = -t**2 - t + 5. What is a(p)?
-7
Let f be 3/4 - (605/(-75))/(-11). Let z(r) be the third derivative of -1/3*r**3 - 7*r**2 + f*r**5 + 0 + 0*r + 1/4*r**4. Calculate z(-5).
-7
Suppose 0 = -3*b + 2*x + 12, b - 2*b = -5*x - 17. Let v(i) = -3 - 5*i + 6*i - 8*i - i**b. Give v(-6).
3
Suppose 4*q + 5*m = 44, -5*m = q - 3*q - 8. Let u(o) be the second derivative of -o**5/20 + 5*o**